
Is 5381 a prime number?
True
Is 87473 a prime number?
True
Is 41027 composite?
True
Is 24483 prime?
False
Is 680135 composite?
True
Is 1253323 prime?
True
Is 102761 composite?
False
Is 1082701 prime?
False
Is 359209 composite?
False
Is 36845 prime?
False
Is 33523 a composite number?
True
Is 2173 a prime number?
False
Is 1112927 a composite number?
True
Is 19438 composite?
True
Is 9173 a prime number?
True
Is 65599 prime?
True
Is 1058493 a composite number?
True
Is 540433 a prime number?
True
Is 8939 prime?
False
Is 9587 a composite number?
False
Is 4507 prime?
True
Is 3877 prime?
True
Is 619933 prime?
False
Is 4891 prime?
False
Is 232423 composite?
True
Is 117651 a composite number?
True
Is 78901 composite?
False
Is 593839 composite?
False
Is 3203 prime?
True
Is 97943 a composite number?
False
Is 64711 a prime number?
False
Is 1273609 a prime number?
True
Is 86503 a prime number?
False
Is 4063 a composite number?
True
Is 271223 a prime number?
False
Is 8819 composite?
False
Is 38069 a prime number?
True
Is 533111 composite?
False
Is 161 prime?
False
Is 377887 composite?
False
Is 19988951 a composite number?
False
Is 275027 a prime number?
True
Is 5737 a prime number?
True
Is 17926 a composite number?
True
Is 392383 composite?
False
Is 119963 prime?
True
Is 1043 a prime number?
False
Is 122069 a composite number?
False
Is 6077 a composite number?
True
Is 7493 a composite number?
True
Is 1978631 a prime number?
True
Is 7331 prime?
True
Is 5219 prime?
False
Is 83141 composite?
True
Is 29483 a prime number?
True
Is 6947 a prime number?
True
Is 325493 a prime number?
False
Is 1482263 a composite number?
False
Is 21859 a prime number?
True
Is 192349 a prime number?
False
Is 117281 a composite number?
False
Is 1243 composite?
True
Is 3981 prime?
False
Is 93371 a prime number?
True
Is 26027 composite?
True
Is 6997 a prime number?
True
Is 22459 a prime number?
False
Is 508301 composite?
False
Is 123143 prime?
True
Is 13961 composite?
True
Is 863867 prime?
True
Is 203219 prime?
False
Is 40249 composite?
True
Is 29779 a composite number?
True
Is 4283 prime?
True
Is 5663 a prime number?
False
Is 1070101 prime?
False
Is 5818 a prime number?
False
Is 47017 prime?
True
Is 98507 a prime number?
True
Is 1664747 composite?
True
Is 29933 a composite number?
True
Is 433337 a prime number?
True
Is 16447 composite?
False
Is 49093 a prime number?
False
Is 40673 prime?
False
Is 82177 a composite number?
True
Is 1991 composite?
True
Is 70709 a prime number?
True
Is 19841 prime?
True
Is 1016641 composite?
False
Is 75203 composite?
True
Is 35519 a composite number?
True
Is 479 a prime number?
True
Is 118571 prime?
True
Is 158621 a prime number?
True
Is 6353 composite?
False
Is 487 composite?
False
Is 1655 a prime number?
False
Is 919 composite?
False
Is 1363 a composite number?
True
Is 6839 a prime number?
False
Is 19742 composite?
True
Is 139333 a prime number?
True
Is 166538 prime?
False
Is 2307 a prime number?
False
Is 5490033 prime?
False
Is 471917 a prime number?
False
Is 717817 a composite number?
False
Is 261943 composite?
True
Is 954839 prime?
False
Is 129169 prime?
True
Is 3261 a prime number?
False
Is 46597 a prime number?
False
Is 2203 prime?
True
Is 2491 prime?
False
Is 197909 a composite number?
False
Is 57413 a prime number?
True
Is 103349 composite?
False
Is 884363 prime?
True
Is 14849 a composite number?
True
Is 18355 prime?
False
Is 2179 a prime number?
True
Is 706039 composite?
False
Is 3181 a composite number?
False
Is 17891 a composite number?
False
Is 13501 a composite number?
True
Is 279878 composite?
True
Is 2863 prime?
False
Is 18661 composite?
False
Is 2322587 a prime number?
False
Is 246021 a composite number?
True
Is 906811 prime?
False
Is 13073 a composite number?
True
Is 1728061 composite?
False
Is 5381 prime?
True
Is 4391 prime?
True
Is 531842 a composite number?
True
Is 328699 composite?
True
Is 29059 composite?
False
Is 18931 composite?
True
Is 63919 prime?
False
Is 55121 a prime number?
False
Is 192229 a composite number?
False
Is 38261 prime?
True
Is 4969 composite?
False
Is 21485 a composite number?
True
Is 823117 a composite number?
False
Is 46339 a prime number?
False
Is 219721 a prime number?
True
Is 2159023 a prime number?
True
Is 20663 composite?
False
Is 34019 prime?
True
Is 6239 a prime number?
False
Is 51323 prime?
False
Is 341 a prime number?
False
Is 170327 a composite number?
False
Is 16327 composite?
True
Is 4955 a composite number?
True
Is 159899 composite?
False
Is 114501 a prime number?
False
Is 33505 composite?
True
Is 1009 prime?
True
Is 1361 composite?
False
Is 2059 composite?
True
Is 160649 a composite number?
False
Is 59441 a composite number?
False
Is 3049963 a composite number?
True
Is 303821 prime?
False
Is 22433 a prime number?
True
Is 8737 prime?
True
Is 2743 a prime number?
False
Is 776389 prime?
True
Is 5905 a composite number?
True
Is 20627 a prime number?
True
Is 43786 a prime number?
False
Is 28463 a composite number?
False
Is 143243 a prime number?
True
Is 44069 a prime number?
False
Is 235159 a prime number?
True
Is 427507 composite?
True
Is 43679 composite?
True
Is 15493 a composite number?
False
Is 191711 prime?
False
Is 204821 a prime number?
True
Is 94201 a composite number?
False
Is 16357 composite?
True
Is 1949 composite?
False
Is 2469 composite?
True
Is 126541 composite?
False
Is 331 prime?
True
Is 363719 prime?
True
Is 1081295 a prime number?
False
Is 17159 a prime number?
True
Is 2579 composite?
False
Is 103315 prime?
False
Is 172969 a composite number?
False
Is 73517 a composite number?
False
Is 69847 a composite number?
False
Is 38039 prime?
True
Is 12287 a prime number?
False
Is 59999 composite?
False
Is 61549 a prime number?
False
Is 17337 a prime number?
False
Is 669913 composite?
False
Is 4801873 a prime number?
True
Is 9921 prime?
False
Is 346586 prime?
False
Is 334751 prime?
True
Is 29157 prime?
False
Is 165229 composite?
False
Is 127369 prime?
False
Is 1195997 composite?
True
Is 11819 a composite number?
True
Is 5941 a composite number?
True
Is 38869 prime?
False
Is 61361 composite?
True
Is 10651 a prime number?
True
Is 1722093 a prime number?
False
Is 2819 a composite number?
False
Is 381 composite?
True
Is 4909 a prime number?
True
Is 1087 a prime number?
True
Is 856229 a prime number?
False
Is 903419 prime?
False
Is 1537 a composite number?
True
Is 118387 prime?
True
Is 130409 a composite number?
False
Is 18181 prime?
True
Is 236981 composite?
False
Is 468481 composite?
True
Is 1819 a composite number?
True
Is 249601 prime?
False
Is 2069183 composite?
False
Is 3572519 a composite number?
False
Is 833189 composite?
True
Is 287942 a composite number?
True
Is 11369 composite?
False
Is 8637 prime?
False
Is 438313 a prime number?
True
Is 55859 a composite number?
True
Is 170219 prime?
False
Is 46367 a composite number?
True
Is 542371 a prime number?
True
Is 1454289 prime?
False
Is 58749 prime?
False
Is 27226 a prime number?
False
Is 378311 a prime number?
False
Is 598011 composite?
True
Is 34735 prime?
False
Is 34459 composite?
True
Is 16139 prime?
True
Is 14659 composite?
True
Is 31111 prime?
False
Is 12439 a composite number?
True
Is 5813 prime?
True
Is 21139 a composite number?
False
Is 155653 prime?
True
Is 15259 a prime number?
True
Is 27179 a prime number?
True
Is 168941 composite?
True
Is 30769 composite?
True
Is 11111 composite?
True
Is 45691 composite?
False
Is 263843 prime?
True
Is 135977 a composite number?
False
Is 13217 a composite number?
False
Is 2991 a prime number?
False
Is 463377 a composite number?
True
Is 8914 composite?
True
Is 443363 composite?
False
Is 14777 composite?
True
Is 53987 a composite number?
False
Is 316947 composite?
True
Is 6637 a prime number?
True
Is 961865 a composite number?
True
Is 1965281 a prime number?
False
Is 63157 prime?
False
Is 1227711 a prime number?
False
Is 12755 a composite number?
True
Is 240419 prime?
False
Is 46457 a prime number?
True
Is 367427 composite?
False
Is 49429 a prime number?
True
Is 135613 a prime number?
True
Is 121903 composite?
True
Is 4903 a composite number?
False
Is 23369 composite?
False
Is 1316933 a prime number?
False
Is 256441 composite?
False
Is 32603 a prime number?
True
Is 63277 a composite number?
Fals